{"id":280,"date":"2020-06-25T18:02:43","date_gmt":"2020-06-25T16:02:43","guid":{"rendered":"http:\/\/corpsaccord.be\/?page_id=280"},"modified":"2021-01-04T17:34:33","modified_gmt":"2021-01-04T16:34:33","slug":"seiki","status":"publish","type":"page","link":"http:\/\/corpsaccord.be\/index.php\/seiki\/","title":{"rendered":"Seiki"},"content":{"rendered":"\n<p style=\"color:#29a488;font-size:25px\" class=\"has-text-color has-text-align-center has-custom-size\">Seiki <\/p>\n\n\n\n<p style=\"color:#29a488;font-size:16px\" class=\"has-text-color has-text-align-center has-custom-size\">Un voyage en soi <\/p>\n\n\n\n<div style=\"height:20px\" aria-hidden=\"true\" class=\"wp-block-spacer\"><\/div>\n\n\n\n<p style=\"font-size:16px\" class=\"has-text-align-left has-custom-size\">Le Seiki est une m\u00e9thode tr\u00e8s douce mise au point par Akinobu Kishi. Les mains du praticien se posent simplement sur le corps du receveur et \u00e9coutent les diff\u00e9rents ressentis et r\u00e9actions.<\/p>\n\n\n\n<p style=\"font-size:16px\" class=\"has-custom-size\">La pratique du Seiki permet au corps de trouver son \u00e9quilibre naturel, par une bonne circulation de l&rsquo;\u00e9nergie vitale, et donc une connexion \u00e0 son pouvoir d&rsquo;auto-gu\u00e9rison.<\/p>\n\n\n\n<p>Il est tr\u00e8s difficile d&rsquo;expliquer le Seiki car il est avant tout une exp\u00e9rience.<\/p>\n\n\n\n<div style=\"height:60px\" aria-hidden=\"true\" class=\"wp-block-spacer\"><\/div>\n\n\n\n<div class=\"wp-block-group\"><div class=\"wp-block-group__inner-container is-layout-flow wp-block-group-is-layout-flow\">\n<p style=\"color:#29a488\" class=\"has-text-color has-text-align-center\"> <em>Le mouvement int\u00e9rieur circule.  \u00c0 l\u2019\u00e9coute des vagues et des ondes.  <\/em><\/p>\n\n\n\n<p style=\"color:#29a488\" class=\"has-text-color has-text-align-center\"><em>Un toucher doux pour soi-m\u00eame, pour l\u2019autre.  Une simple pr\u00e9sence.  Vraie, lumineuse. <\/em><\/p>\n\n\n\n<p style=\"color:#29a488\" class=\"has-text-color has-text-align-center\"><em>Un moment de respiration,  Les mains respirent et invitent tout le corps \u00e0 respirer.<\/em><\/p>\n\n\n\n<p style=\"color:#29a488\" class=\"has-text-color has-text-align-center\"> <em>Chaque cellule se remplit de conscience&nbsp;. <\/em> <\/p>\n\n\n\n<div style=\"height:20px\" aria-hidden=\"true\" class=\"wp-block-spacer\"><\/div>\n\n\n\n<p style=\"color:#29a488\" class=\"has-text-color has-text-align-center\"><em>Acceptation du mouvement spontan\u00e9 (KATSUGEN), <\/em><\/p>\n\n\n\n<p style=\"color:#29a488\" class=\"has-text-color has-text-align-center\"><em>Respiration par les mains (GYOKI)<\/em>,<\/p>\n\n\n\n<p style=\"color:#29a488\" class=\"has-text-color has-text-align-center\">  <em>Laisser r\u00e9sonner, \u00e9couter l\u2019\u00e9cho.<\/em>  <\/p>\n\n\n\n<div style=\"height:22px\" aria-hidden=\"true\" class=\"wp-block-spacer\"><\/div>\n\n\n\n<p style=\"color:#29a488\" class=\"has-text-color has-text-align-center\"><em>Cr\u00e9er de l\u2019espace<\/em>, <\/p>\n\n\n\n<div class=\"wp-block-group\"><div class=\"wp-block-group__inner-container is-layout-flow wp-block-group-is-layout-flow\">\n<p style=\"color:#29a488\" class=\"has-text-color has-text-align-center\"><em>Une enveloppe,<\/em><\/p>\n\n\n\n<p style=\"color:#29a488\" class=\"has-text-color has-text-align-center\"><em> Un cocon chaleureux et ressour\u00e7ant.  <\/em><\/p>\n<\/div><\/div>\n\n\n\n<p><\/p>\n\n\n\n<p><\/p>\n<\/div><\/div>\n","protected":false},"excerpt":{"rendered":"<p>Seiki Un voyage en soi Le Seiki est une m\u00e9thode tr\u00e8s douce mise au point par Akinobu Kishi. Les mains du praticien se posent simplement sur le corps du receveur et \u00e9coutent les diff\u00e9rents ressentis et r\u00e9actions. La pratique du Seiki permet au corps de trouver son \u00e9quilibre naturel, par une bonne circulation de l&rsquo;\u00e9nergie &hellip; <\/p>\n<p class=\"link-more\"><a href=\"http:\/\/corpsaccord.be\/index.php\/seiki\/\" class=\"more-link\">Continuer la lecture<span class=\"screen-reader-text\"> de &laquo;&nbsp;Seiki&nbsp;&raquo;<\/span><\/a><\/p>\n","protected":false},"author":2,"featured_media":0,"parent":0,"menu_order":0,"comment_status":"closed","ping_status":"closed","template":"","meta":{"_editorskit_title_hidden":false,"_editorskit_reading_time":1,"_editorskit_is_block_options_detached":false,"_editorskit_block_options_position":"{}","_coblocks_attr":"","_coblocks_dimensions":"","_coblocks_responsive_height":"","_coblocks_accordion_ie_support":"","_uag_custom_page_level_css":"","footnotes":""},"uagb_featured_image_src":{"full":false,"thumbnail":false,"medium":false,"medium_large":false,"large":false,"1536x1536":false,"2048x2048":false,"twentyseventeen-featured-image":false,"twentyseventeen-thumbnail-avatar":false},"uagb_author_info":{"display_name":"mariecolla","author_link":"http:\/\/corpsaccord.be\/index.php\/author\/mariecolla\/"},"uagb_comment_info":0,"uagb_excerpt":"Seiki Un voyage en soi Le Seiki est une m\u00e9thode tr\u00e8s douce mise au point par Akinobu Kishi. Les mains du praticien se posent simplement sur le corps du receveur et \u00e9coutent les diff\u00e9rents ressentis et r\u00e9actions. La pratique du Seiki permet au corps de trouver son \u00e9quilibre naturel, par une bonne circulation de l&rsquo;\u00e9nergie\u2026","_links":{"self":[{"href":"http:\/\/corpsaccord.be\/index.php\/wp-json\/wp\/v2\/pages\/280"}],"collection":[{"href":"http:\/\/corpsaccord.be\/index.php\/wp-json\/wp\/v2\/pages"}],"about":[{"href":"http:\/\/corpsaccord.be\/index.php\/wp-json\/wp\/v2\/types\/page"}],"author":[{"embeddable":true,"href":"http:\/\/corpsaccord.be\/index.php\/wp-json\/wp\/v2\/users\/2"}],"replies":[{"embeddable":true,"href":"http:\/\/corpsaccord.be\/index.php\/wp-json\/wp\/v2\/comments?post=280"}],"version-history":[{"count":14,"href":"http:\/\/corpsaccord.be\/index.php\/wp-json\/wp\/v2\/pages\/280\/revisions"}],"predecessor-version":[{"id":528,"href":"http:\/\/corpsaccord.be\/index.php\/wp-json\/wp\/v2\/pages\/280\/revisions\/528"}],"wp:attachment":[{"href":"http:\/\/corpsaccord.be\/index.php\/wp-json\/wp\/v2\/media?parent=280"}],"curies":[{"name":"wp","href":"https:\/\/api.w.org\/{rel}","templated":true}]}}